w) be the third derivative of -w**5/120 + 5*w**4/24 - w**3/6 + w**2. Let x(q) be the first derivative of t(q). Calculate x(-4).
9
Let t(p) = 4 + 1 + p - 4*p - 6 - p**2. Calculate t(-5).
-11
Let b = -7 + 13. Let c(a) = -a**3 + 6*a**2 - 3*a + 9. Calculate c(b).
-9
Let o(r) = -4*r**2 - 4*r**2 + 17 - 9 - 2*r - 9. Calculate o(-1).
-7
Let w(j) = j**3 - 12*j**2 + 7 + 7*j**2 - 1 - j. Calculate w(5).
1
Let n(a) be the first derivative of -a**2/2 - 1. Suppose -2*j + 7*j = 0. Suppose -2*p + j = -8. Determine n(p).
-4
Let t(p) = 5*p**3 + 2*p**2 - 1. Let x(u) = u**3 - 11*u**2 + 2. Let y be x(11). Let j be ((-5)/10)/(2/4). Let i = y + j. Give t(i).
6
Let c(s) be the third derivative of -s**4/4 - 5*s**3/6 - 55*s**2. Give c(4).
-29
Let c(g) = g**2 + 5. Suppose v + 20 = -4*o, -5*o - 24 - 1 = v. Calculate c(v).
5
Suppose z + 2*z - 6 = 0. Suppose 4*o + 1 = v + z, 2*o + 3 = -3*v. Let f(n) = 1 + 7*n - 2*n**2 + 2*n**2 + o*n**2 + n**2. Give f(-6).
-5
Let p(m) = -m**3 - m**2 - m - 3. Let q(c) = -c + 1. Let l(h) = h**2 - h - 1. Let r be l(-1). Let n be q(r). Determine p(n).
-3
Let i(f) = -f**2 + 2 - 4*f**3 - 1 + f - 7*f**3. Suppose -g + r = -4, -r - 3*r - 1 = -g. Suppose -p - 5*x = 6, -4 = g*p + x + 2. Determine i(p).
10
Let b(m) be the third derivative of 7/120*m**6 + 0*m**3 + 0*m + 0 + 1/24*m**4 - 1/30*m**5 - m**2. Suppose -3 = 5*r - 8. Calculate b(r).
6
Let x(q) = -7*q + 3. Suppose -14*g - 20 = -9*g. Calculate x(g).
31
Let r(q) = -q - 4. Let f(h) = 3*h**2 - 13*h + 8. Let s(d) = -2*d**2 + 12*d - 7. Let x(u) = 3*f(u) + 4*s(u). Let y be x(-9). Determine r(y).
0
Let v(l) = -8*l**2 + 5*l + 4. Let s(n) be the second derivative of n**4/12 - n**2/2 + 2*n. Let t(k) = -6*s(k) - v(k). Give t(3).
5
Let z(x) = 3*x + 3. Let l(m) = 2*m - 17. Let n(g) = -g - 2. Let u be n(-12). Let r be l(u). Determine z(r).
12
Let x be 2/3*(-1 - 2). Let y(l) = -5*l - 3. Let i be y(x). Let z(j) = -j**3 + 8*j**2 - 6*j - 6. Determine z(i).
1
Let a be 7/((-98)/(-4))*(7 - 0). Let c(n) = -n + 2. Determine c(a).
0
Let j(t) = t**3 + 3*t**2 - t + 2. Let w = 0 + 3. Let v = -1 + w. Suppose 5*b + 12 = v. Give j(b).
8
Let f(s) = -5*s**2 - 10*s - 3. Let k = -26 - -20. Let i(m) = -11*m**2 - 21*m - 6. Let u(x) = k*i(x) + 13*f(x). Determine u(4).
-3
Suppose 2 = -7*a + 23. Suppose -2*l - l = -5*j + 14, 2*j + 2 = 5*l. Let r(z) = l*z - 1 - z**2 + 4 + 2*z. Determine r(a).
6
Let h be 8*(9/(-6) - -2). Suppose 0 = h*x - 17 - 55. Let w be (-14)/x - (-4)/(-18). Let o(q) = -q**2 + 1. Calculate o(w).
0
Let u(l) = l**2 + 8*l + 1. Suppose 3*t - t + 26 = -5*b, t = 2. Calculate u(b).
-11
Let q = 348 - 243. Suppose c + 3*d = 1, 0*c - 5*c = -5*d - q. Suppose 0 = 3*o - 7*o + c. Let p(t) = t**2 - 5*t - 1. What is p(o)?
-5
Let f = 4 - 2. Let p(a) = -6*a**3 + 7*a**2 - 6*a + 6. Let d(i) = -15*i**2 + 3 - 16 + 13*i + 0*i + 13*i**3. Let w(m) = -4*d(m) - 9*p(m). Determine w(f).
6
Let i = 6 - 13. Let c(h) = -h - 11 + 1 + 1 - h. Give c(i).
5
Let o(m) = -m**3 + 5*m**2 + 2*m - 9. Let p(k) = -2*k**3 + 11*k**2 + 5*k - 19. Let r(x) = -13*o(x) + 6*p(x). What is r(-2)?
-9
Suppose 2*d - 30 = 4*p, 2*p - 6*d + 11 = -d. Let s(k) = -2*k**2 - 4. Let y(a) = 5*a**2 + a + 11. Let g(v) = p*s(v) - 3*y(v). Determine g(3).
-1
Suppose -4*j = -0*j - 4. Let p(z) = -2*z**3 + 3*z**3 + j - 5 - 2*z - 2*z**2. Give p(3).
-1
Let t(h) be the third derivative of h**5/60 - h**4/24 + h**3/6 - 7*h**2. What is t(0)?
1
Let p(r) = r**2 - 1. Let d = -5 + 10. Suppose -4*z = 3*u + 17, -d*z - 3*u + u - 16 = 0. Give p(z).
3
Let m(g) = -g**3 + 3*g**2 - g + 1. Let f = 11 + -9. Calculate m(f).
3
Let c(x) = -x**3 + 8*x**2 + 6. Let a(o) = o**2 - 13*o - 1. Let j be a(13). Let p = j + 9. Determine c(p).
6
Suppose 5*w - 3*s = -0*w - 27, 19 = -4*w + 5*s. Let i = w - -5. Let r(f) = 3*f - 4. Let q(n) = -n + 1. Let g(k) = i*r(k) - 6*q(k). Calculate g(3).
7
Let r(a) = -3*a + 6. Let u = 0 + 4. Let g = u - 7. Let b be (-11)/g + 1/3. Give r(b).
-6
Let z(f) = 13*f + 19. Let q(u) = -7*u - 10. Let i(v) = -11*q(v) - 6*z(v). Suppose -17 = o - 0*o. Let t = o + 12. Determine i(t).
1
Let i(m) = -1 - 5*m**2 + 3 + 4*m**2. Let c(d) = 6*d**2 - 2*d - 2. Let v(f) = -11*f**2 + 4*f + 3. Let s(t) = 5*c(t) + 3*v(t). Let j be s(1). What is i(j)?
-2
Let l = 5/44 + -139/1320. Let o(b) be the third derivative of 1/20*b**5 + 0*b + 2*b**2 - 1/24*b**4 + 0 - 1/3*b**3 - l*b**6. Give o(2).
0
Let r(v) = 7*v + 3*v**2 - 6 + 3*v - 4*v**2 - 12*v. Determine r(-5).
-21
Let x(r) = -r**2 + 6*r - 2. Let m be x(6). Let a(f) = f**3 + f**2 + 2*f. Give a(m).
-8
Let w(p) be the second derivative of -p**6/120 + p**5/120 + p**4/24 - 2*p**3/3 + 3*p. Let k(t) be the second derivative of w(t). What is k(2)?
-9
Let u(a) = a - 1. Let f(l) = 4*l**2 + 37*l + 12. Let g be f(-9). What is u(g)?
2
Let i(p) = -p**2 + 4*p - 1. Let v(d) = d - 1. Let y be v(5). Determine i(y).
-1
Let j(u) = -u - 62*u**3 - 5*u**2 + 9 - 6*u**2 + 63*u**3. Calculate j(11).
-2
Let o be -13*((-2)/(-1) - 3). Let m = -12 + o. Let s(u) = 10*u**3 + u**2 - u. Calculate s(m).
10
Let y(n) = -n**2 + 7*n + 3. Let b(c) = -c**2 + 8*c + 4. Let x(f) = -3*b(f) + 4*y(f). Calculate x(2).
4
Let x(f) = f**3 - 3*f**2 + f - 2. Let y be 47/2 + (-7)/14. Suppose -y = -5*d - 8. Give x(d).
1
Let b(v) = -v**2 + 5*v + 4. Let k be b(6). Let g = -3 + 6. Let c(o) = o**3 - 33*o - g + 17*o + 14*o + o**2. What is c(k)?
-3
Let q(b) = -5*b**2 + 1. Let p = -13 - -14. Let z be p/(-3) + 2/(-3). What is q(z)?
-4
Let w(z) = -z**3 - 7*z**2 + 10*z + 16. Let o be w(-8). Let q(l) = l**3 + l - 4. What is q(o)?
-4
Let g(w) = 43*w**3 - w**2 - 10*w. Let p(q) = 29*q**3 - q**2 - 7*q. Let m(y) = -5*g(y) + 7*p(y). Give m(1).
-13
Let d(v) = -v**2 - 7*v - 5. Let s be (-1704)/(-108) - 4/(-18). Suppose 4*j + s + 0 = 0. Determine d(j).
7
Let d(b) = 7*b - b - 6*b - 2 + 3*b. Give d(5).
13
Let g = 7 + -5. Let z(m) = -g - 5*m - 3*m + 3*m + m**2. Calculate z(4).
-6
Let i be 3/6*-4 - -1. Let r(b) = -5*b**2 - 7*b - 5. Suppose 3 = 5*y + 23. Let s(u) = u**2. Let p(n) = i*r(n) + y*s(n). What is p(-5)?
-5
Let c(d) be the first derivative of -4*d**2 - 3*d - 5. Let w(q) = -q. Let u(o) = -c(o) + 6*w(o). Let a be ((-10)/(-6))/(2/(-6)). Calculate u(a).
-7
Let c(h) = -4*h. Let r(g) = -g. Let n(u) = -c(u) + 3*r(u). Let y be -6 + (-1 - -5 - 3). Let v be n(y). Let k(l) = -l**2 - 3*l + 6. What is k(v)?
-4
Let z(x) be the third derivative of -x**4/24 - x**3/6 + 2*x**2. Let q(a) = -a - 6. Let c be q(-5). Let r be c + -3*1/(-3). Calculate z(r).
-1
Let f(u) = u**2 - u + 1. Suppose -3 = 5*z - 13. Let r be ((-3)/z)/(3/(-10)). Suppose 4 = r*b - b. Calculate f(b).
1
Let c(v) = v - 4. Let j(g) = -5*g + 20. Let n(d) = -11*c(d) - 2*j(d). Give n(5).
-1
Suppose 4*l + 4*y + 12 = 0, 4*l - 4*y = 23 + 5. Let b(h) = 2 + 2*h**l - 4*h - 9*h**3 + 3*h - 2. Calculate b(1).
-8
Let g(b) = -3*b**3 - 6*b**2 - 6*b - 4. Let n(k) = -4*k**3 - 6*k**2 - 6*k - 5. Let u(s) = -3*g(s) + 2*n(s). Give u(-4).
10
Suppose 3*p - 7*p = -12. Let o(r) = 1 - p*r + 6*r - 5*r + 3*r. Give o(5).
6
Let s be (-92)/(-22) + (-4)/22. Let k(o) = 5 - s + 4*o + 0*o + 6*o. What is k(-1)?
-9
Let o(w) be the first derivative of -w**3/3 + 3*w**2 + 5*w - 2. Suppose -4*g + a = -15, -3*a + 8*a - 10 = 3*g. Determine o(g).
10
Suppose 1 = -4*h + 13. Let d(j) = 3*j + 2. Let p(t) = 1. Let k(n) = d(n) - 5*p(n). Calculate k(h).
6
Let x = -4 - 1. Let a(w) = -w**3 - 7*w**2 - 8*w - 3. What is a(x)?
-13
Suppose 2 = -3*o - 7. Let a(l) = 2*l + 3. Give a(o).
-3
Let t(a) = 2*a**3 - 6*a**2 + a - 1. Let v(m) = m**2 + 1. Let b(z) = t(z) + 3*v(z). Suppose 6*x - 3*x - 3 = -3*d, 5 = 2*d - x. Determine b(d).
8
Let n(i) = -3*i + 3. Let o = 55 + -52. Determine n(o).
-6
Let y(a) = -5*a. Let h = -2 - -7. Let n = -7 + h. Give y(n).
10
Let q(i) = 2*i + 6. Let d be 2 + (-5 - 1) - 13. Let b = d - -11. Calculate q(b).
-6
Let p(a) = -a**2 - 11*a - 7. Let r be p(-9). Let f = -7 + r. Let u(y) = -y + 3. Let z be u(f). Let v(n) = 6*n**3 - n**2 + 1. Calculate v(z).
-6
Let h = 12 - 3. Let p(n) = 2 - 4*n - 5 + h*n. Let y = 2 - 0. Calculate p(y).
7
Let b(x) = -x**2 + 4. Let c(u) = u**3 + 6*u**2 - 7*u - 3. Let w be c(-7). Give b(w).
-5
Let f(v) = -v**3 - 3*v**2 - 6*v - 4. Let l(b) = -b**3 - 2*b**2 - 5*b - 4. Let n = -13 - -7. Let r(j) = n*l(j) + 5*f(j). Determine r(3).
4
Let t be (-247)/(-52) - (-2)/8. Let f(j) = -j**2 + j + 4. Let b be f(0). Let q(l) = l*